ided by m?
10
Calculate the remainder when (-2147)/(-38)*(-8 + 10) is divided by 30.
23
Suppose 3*o = 27 + 6. Let g be 13*((-3)/(-6) + 3/2). Calculate the remainder when -1 + g + 0 + 2 is divided by o.
5
Let t = 2204 + -2187. Let k = 15 + 31. What is the remainder when k is divided by t?
12
Suppose q - 4*x = 43, 8*q - 12*q = -2*x - 102. Suppose q = 6*m - 31. What is the remainder when m is divided by ((-16)/(-10))/((-6)/(-30))?
1
Suppose 168 = -3*p - 4*s, 3*p - 5*s = -149 - 46. Let z = -57 - p. Calculate the remainder when 2 + 95 + 0*z/9 is divided by 14.
13
Let x(h) = 12*h - 36. Let u be x(3). What is the remainder when (-43 - (0 + u))/((-11)/22) is divided by 4?
2
Let q = -273 + 236. Let z = 22 - q. What is the remainder when z is divided by 24?
11
What is the remainder when 4 + -11 + 7 + -6 - -169 is divided by 28?
23
Suppose -u - c - 3 = 0, -4*u + 36 = -8*u + 4*c. Let f be ((-2)/14)/(u/21)*68. Suppose 0 = 2*b - f + 12. What is the remainder when 75 is divided by b?
9
Let m be 169 + 6/(-5)*25/10. Suppose -2*t + y = -67, 0 = -4*t - t + 2*y + m. What is the remainder when 94 is divided by t?
30
Suppose -9*b = 10*b - 38. Suppose 3*h - h - 3*o - 23 = 0, -b*o = h + 6. What is the remainder when h is divided by 1?
0
Let h = 52 + -52. Suppose h*f - 12 = -4*f - 2*s, 5*f - 18 = -s. Suppose -2*w + 7 + 5 = 2*b, 0 = 2*w + f*b - 2. Calculate the remainder when w is divided by 4.
3
What is the remainder when (-13 - -3 - -155) + 12 is divided by 21?
10
Let l = -53804 + 53876. Calculate the remainder when -1 + 0 - (-1 + -430) is divided by l.
70
Suppose -3*d + 2338 = 14*c, 34*d = -3*c + 32*d + 501. Calculate the remainder when 589 is divided by c.
88
Let d = 13 - -16. Suppose -z = 5*a - 277, -2*z - 2*a = 3*a - 559. Let n = z - 168. Calculate the remainder when n is divided by d.
27
Suppose 242 - 263 = -7*n. Suppose -4*a + 358 = -n*a + 4*o, -4*a + o + 1500 = 0. What is the remainder when a is divided by 27?
23
Suppose 2*g - 20 = 4*x, -8*g - 22 = -9*g - 2*x. Suppose 0 = -6*w + 7*w + 2. Calculate the remainder when g is divided by w + (4/1 - -1).
1
Suppose 525 + 121 = m - 4*a, -2*m + 3*a = -1312. Let j = 680 - m. Calculate the remainder when 44 is divided by j.
8
What is the remainder when ((88638/(-55))/2)/(12/(-10) + 1) is divided by 112?
109
Suppose 0 = 4*o - 145 + 49. Let b(y) = 5 - 26*y + 13*y - 25*y. Calculate the remainder when b(-1) is divided by o.
19
Calculate the remainder when 510 is divided by (-3 + (-1524)/(-16))*24/18.
18
Let a(m) = 431*m**2 - 290*m + 577. Calculate the remainder when 6903 is divided by a(2).
19
Let v(b) = 35*b + 33. Let a be v(-9). Let g = a + 627. Calculate the remainder when g is divided by 39.
33
Let p be 1/(((-2)/(-4))/((-34)/4)). Let r(y) = -y**3 - 17*y**2 + y + 60. Let x = 36 - -48. What is the remainder when x is divided by r(p)?
41
Let l(d) = 2*d**3 - d + 1. Let r be l(1). Suppose -r*k - q + 35 = -87, 8 = 2*q. What is the remainder when k is divided by 21?
17
Suppose 5*m = z + 204, 304*m + 2*z = 308*m - 162. Calculate the remainder when 7133 is divided by m.
40
Calculate the remainder when (-8)/(-16)*(5 + -2 - (-534 - 1)) is divided by 131.
7
Let g(o) = -o**3 + 22*o**2 - 16*o - 21. Suppose -5*u + 26*w = 27*w - 108, -5*u = -w - 102. What is the remainder when g(u) is divided by 30?
24
Suppose -29*q + 1944 = 4*z - 33*q, 5*q = -3*z + 1514. What is the remainder when z is divided by 246?
1
Let s = 108 - -4. Suppose 4*y = -3*o + s, -5*o = -4*y - 23 + 103. Calculate the remainder when 66 is divided by y.
16
What is the remainder when -3*(-4438)/7 + -4 + 0 + -7 is divided by 146?
139
Let c be (-1 - 2) + (2 - (-2)/(-1)). Let w be 70*2/((-12)/c). What is the remainder when 17 is divided by (24/10)/(4 + (-126)/w)?
5
Let s(x) = x**2 - 6*x + 19. Let h = -106 - -141. Calculate the remainder when h is divided by s(6).
16
Suppose z + r - 2 = 56, 66 = z + 5*r. Suppose 0 = -13*f + 20*f - z. Suppose -p + f = i, p - 5*i = -4*i. Calculate the remainder when 73 is divided by p.
1
Let k(a) = -30*a - 627. What is the remainder when k(-36) is divided by -7*(2 + -1 + -6)?
33
What is the remainder when 1*(290 + 3) + (-3 + 33)/(-5) is divided by 84?
35
Suppose v = 3*b + 25, -112*v - 205 = -117*v - 5*b. What is the remainder when 233 is divided by v?
11
Let b(p) = 17*p**2 - 604*p + 6702. What is the remainder when b(11) is divided by 60?
15
Suppose 134983 = 39*r + 45556. What is the remainder when r is divided by 339?
259
Let j = 19576 - 16760. What is the remainder when 8449 is divided by j?
1
Let q(m) = m**3 + 30*m**2 + 17*m - 125. What is the remainder when q(-21) is divided by 4?
3
Let y be ((-3)/(-12) + (-4190)/(-8))/2. Suppose -257*u + y*u = 40. What is the remainder when 20 is divided by u?
4
Let v(g) = 61*g - 1092. Calculate the remainder when 1852 is divided by v(18).
4
Let n(f) = 4*f**2 + 71*f + 16. What is the remainder when n(16) is divided by 11?
9
Let a be (-6)/18*(-21)/1. Suppose a*i - 60 = 2*i. Let g = -404 + 475. Calculate the remainder when g is divided by i.
11
Let w = 12 - 7. Suppose 0 = -206*y + 4476 + 2322. Calculate the remainder when y is divided by w.
3
Let z(d) = d**3 + 24*d**2 - 38*d - 798. Calculate the remainder when 681 is divided by z(-24).
111
Suppose 1004 = -6*a - 208. Let w = -156 - a. What is the remainder when w is divided by 16?
14
Suppose -14 = -23*n + 55. Suppose 0 = -2*v - n*y + 5*y + 644, 3*v - 4*y = 969. Calculate the remainder when v is divided by 40.
39
Suppose 3*o - 1 + 15 = k, 0 = -3*o + 3*k - 24. Let y = o - -15. Suppose 7*b - y*b + 625 = 0. Calculate the remainder when b is divided by 21.
20
Let x(a) = -75*a**3 + a. Suppose 16 = z + 17. Let f be x(z). Suppose -3*t + f = -73. What is the remainder when t is divided by 13?
10
Let d = 4055 + -3995. What is the remainder when 836 is divided by d?
56
Let l = -1349 + 1556. Calculate the remainder when l is divided by 8.
7
Suppose -221 = -4*c - 25. Let u(f) = f**2 + 20*f - 37. Calculate the remainder when u(-35) is divided by c.
47
Let q(v) = -v**2 + 5*v + 40. Let s be q(9). Suppose 10 - 142 = -s*c. What is the remainder when 163 is divided by c?
31
Suppose -5*i + l = -0*i - 895, 0 = 2*i + 4*l - 336. Suppose 5*w + 2492 - 2552 = 0. Calculate the remainder when i is divided by w.
10
Suppose -5*z = 4*j - 270, -6*z + 3*j = -z - 235. Let q = 11 - 17. Calculate the remainder when z is divided by (1/(q/(-78)))/(2/2).
11
Suppose -18*l + 24 = -12*l. Calculate the remainder when 25 is divided by (-45)/(-6)*l/2.
10
Suppose -3*y = 2*y + 25, -3*c + 74 = 2*y. Let d(n) = -146*n - 13018. Calculate the remainder when d(-90) is divided by c.
10
What is the remainder when (2560 + -2)*45/90 is divided by 11?
3
Let j(z) = 35*z**2 + 19*z + 6. Calculate the remainder when 240 is divided by j(-1).
20
Let o be (-2748)/(-60) - (-6)/5. Let a = o + 41. What is the remainder when a is divided by 7 + -5 + 7*4?
28
What is the remainder when 1251 is divided by (-5)/(-70)*16*182?
3
Let x(d) = -d**3 - 77*d**2 - 5*d - 316. Suppose -4 - 2 = -3*u, 2*c + 3*u = 24. What is the remainder when x(-77) is divided by c?
6
Let t(j) = 2*j**3 - 3*j**2 + 4*j - 3. Suppose 37*p = 5*d + 42*p - 50, -p - 62 = -5*d. Calculate the remainder when t(4) is divided by d.
9
What is the remainder when (-279)/15*(10/(-1))/(4/6) is divided by 5?
4
Let f = -1064 + 382. Let y = 708 + f. Suppose -u + 11 = -5. Calculate the remainder when y is divided by u.
10
Let r = -10713 + 10716. What is the remainder when 1296 is divided by r?
0
Let h(j) = j**3 + 2*j + 1. Let b(r) = -r**2 + 9*r + 4. Let p(t) = -b(t) + 4*h(t). Let k = 2 + -1. Calculate the remainder when 33 is divided by p(k).
1
Suppose 0 = 34*u + 5*u - 11*u - 392. Calculate the remainder when 4939 is divided by u.
11
Suppose i - 87 = -a, -56*i + 53*i + 4*a = -310. What is the remainder when 3382 is divided by i?
92
Let j be -30 - -37 - (1 - 850). Let p = j - 582. Calculate the remainder when p is divided by 41.
28
Let f(j) = 4*j**2 + 5*j - 35. Let z be f(-6). Let d = 151 - z. Calculate the remainder when d is divided by 6.
0
Suppose 6 + 2 = 4*g. Let v be (((-624)/40)/(3/(-10)))/g. Let k = v + 43. Calculate the remainder when k is divided by 29.
11
Suppose 202 + 383 = 9*u. Suppose 0 = -u*s + 63*s + 82. Let n(l) = 2*l + 1. What is the remainder when s is divided b